8 and 28?
28
What is the greatest common factor of 300 and 876?
12
What is the highest common divisor of 34 and 4097?
17
Calculate the greatest common divisor of 793 and 427.
61
What is the highest common factor of 145 and 1363?
29
What is the highest common divisor of 81 and 2970?
27
Calculate the highest common divisor of 270 and 36.
18
Calculate the greatest common divisor of 72 and 32.
8
Calculate the greatest common divisor of 56 and 24.
8
What is the highest common factor of 320 and 20?
20
Calculate the greatest common divisor of 59 and 1.
1
Calculate the greatest common divisor of 402 and 6.
6
Calculate the greatest common factor of 44 and 1892.
44
Calculate the greatest common divisor of 9366 and 14.
14
Calculate the highest common divisor of 2744 and 28.
28
Calculate the greatest common divisor of 26 and 14.
2
What is the highest common factor of 1023 and 186?
93
Calculate the highest common factor of 27 and 195.
3
Calculate the greatest common divisor of 146 and 18.
2
Calculate the greatest common factor of 29 and 21605.
29
Calculate the greatest common factor of 10505 and 11.
11
Calculate the highest common divisor of 1040 and 48.
16
What is the greatest common factor of 4 and 212?
4
What is the greatest common divisor of 4418 and 235?
47
What is the greatest common divisor of 130 and 1222?
26
Calculate the highest common factor of 392 and 1379.
7
Calculate the highest common divisor of 50 and 225.
25
Calculate the highest common divisor of 2540 and 20.
20
What is the greatest common factor of 45 and 81?
9
Calculate the highest common factor of 114 and 152.
38
What is the greatest common divisor of 15 and 5?
5
Calculate the greatest common factor of 16 and 136.
8
What is the highest common factor of 4615 and 65?
65
What is the highest common factor of 4 and 3104?
4
Calculate the greatest common factor of 33 and 15807.
33
Calculate the highest common divisor of 76 and 8588.
76
Calculate the greatest common factor of 77 and 616.
77
What is the greatest common factor of 364 and 84?
28
What is the highest common factor of 132 and 28?
4
Calculate the greatest common divisor of 8 and 7496.
8
Calculate the highest common divisor of 17 and 16337.
17
Calculate the greatest common factor of 335 and 2077.
67
Calculate the greatest common divisor of 18 and 42.
6
Calculate the highest common factor of 783 and 81.
27
Calculate the highest common factor of 13 and 32279.
13
Calculate the highest common factor of 25 and 3775.
25
Calculate the highest common divisor of 88 and 136.
8
Calculate the greatest common divisor of 1529 and 66.
11
Calculate the highest common factor of 79 and 3397.
79
What is the greatest common divisor of 25 and 45?
5
What is the highest common divisor of 12 and 1668?
12
Calculate the greatest common factor of 144 and 120.
24
Calculate the highest common factor of 738 and 558.
18
Calculate the highest common factor of 12 and 141.
3
What is the greatest common factor of 11 and 143?
11
Calculate the greatest common factor of 44 and 22.
22
What is the greatest common divisor of 54 and 558?
18
Calculate the greatest common divisor of 76 and 1748.
76
What is the greatest common factor of 917 and 14?
7
What is the greatest common factor of 1581 and 714?
51
Calculate the greatest common factor of 81 and 45.
9
Calculate the highest common factor of 13 and 1053.
13
What is the highest common factor of 147 and 84?
21
Calculate the greatest common divisor of 825 and 75.
75
Calculate the highest common divisor of 220 and 60.
20
Calculate the greatest common factor of 949 and 73.
73
Calculate the greatest common divisor of 12 and 128.
4
Calculate the highest common divisor of 1100 and 580.
20
What is the greatest common factor of 5 and 65?
5
What is the highest common factor of 169 and 7618?
13
Calculate the greatest common divisor of 702 and 2268.
54
What is the greatest common factor of 195 and 1935?
15
What is the greatest common divisor of 6083 and 462?
77
Calculate the greatest common divisor of 12 and 244.
4
What is the highest common factor of 24 and 48?
24
What is the highest common factor of 104 and 26?
26
Calculate the greatest common divisor of 564 and 12.
12
What is the highest common divisor of 15 and 2505?
15
What is the greatest common divisor of 585 and 156?
39
Calculate the highest common divisor of 136 and 442.
34
What is the highest common factor of 3763 and 1065?
71
What is the greatest common divisor of 1086 and 24?
6
What is the highest common divisor of 1773 and 9?
9
Calculate the highest common factor of 102 and 12.
6
Calculate the greatest common divisor of 1445 and 35.
5
What is the greatest common factor of 286 and 78?
26
Calculate the greatest common divisor of 231 and 165.
33
Calculate the greatest common factor of 2193 and 306.
51
What is the greatest common factor of 122 and 5002?
122
What is the greatest common divisor of 208 and 528?
16
What is the highest common divisor of 574 and 154?
14
Calculate the greatest common factor of 1603 and 63.
7
What is the highest common factor of 150 and 200?
50
Calculate the greatest common divisor of 3 and 6.
3
Calculate the greatest common divisor of 28 and 42.
14
Calculate the highest common factor of 5365 and 1305.
145
Calculate the greatest common factor of 4379 and 453.
151
What is the highest common factor of 480 and 864?
96
What is the greatest common factor of 360 and 1665?
45
What is the greatest common divisor of 34 and 3893?
17
Calculate the highest common divisor of 4 and 322.
2
Calculate the greatest common divisor of 21090 and 222.
222
What is the highest common divisor of 1520 and 228?
76
What is the greatest common factor of 16842 and 14?
14
Calculate the greatest common factor of 295 and 177.
59
Calculate the greatest common divisor of 50 and 775.
25
Calculate the greatest common factor of 464 and 752.
16
Calculate the highest common factor of 1 and 167.
1
Calculate the greatest common factor of 189 and 12663.
189
What is the greatest common divisor of 144 and 126?
18
Calculate the highest common divisor of 795 and 15.
15
What is the highest common factor of 84 and 13188?
84
Calculate the greatest common divisor of 137 and 6713.
137
What is the greatest common divisor of 151 and 1057?
151
Calculate the highest common divisor of 66 and 407.
11
Calculate the highest common factor of 2816 and 11.
11
What is the highest common divisor of 1221 and 66?
33
Calculate the highest common divisor of 583 and 53.
53
Calculate the greatest common factor of 64 and 3392.
64
What is the highest common divisor of 1633 and 497?
71
What is the highest common factor of 282 and 55554?
282
What is the highest common divisor of 1457 and 31?
31
Calculate the greatest common factor of 516 and 132.
12
What is the greatest common factor of 202 and 4?
2
What is the highest common divisor of 72 and 2988?
36
Calculate the highest common divisor of 72 and 4776.
24
Calculate the highest common factor of 17319 and 207.
69
What is the highest common divisor of 396 and 924?
132
Calculate the greatest common factor of 18 and 18.
18
What is the highest common divisor of 17 and 272?
17
What is the highest common factor of 1900 and 8?
4
What is the greatest common divisor of 144 and 90?
18
Calculate the greatest common factor of 20 and 3340.
20
What is the highest common divisor of 213 and 3?
3
What is the highest common divisor of 18 and 37206?
18
Calculate the greatest common divisor of 22 and 30074.
22
Calculate the greatest common divisor of 340 and 20.
20
Calculate the greatest common divisor of 23 and 92.
23
Calculate the highest common factor of 342 and 627.
57
Calculate the greatest common divisor of 5 and 85.
5
Calculate the highest common divisor of 12 and 192.
12
What is the greatest common factor of 19 and 779?
19
Calculate the greatest common divisor of 43431 and 93.
93
Calculate the highest common divisor of 147 and 6.
3
Calculate the greatest common divisor of 31 and 372.
31
What is the greatest common divisor of 850 and 1530?
170
Calculate the greatest common divisor of 90 and 12.
6
Calculate the greatest common factor of 68 and 986.
34
What is the highest common divisor of 3129 and 63?
21
What is the highest common factor of 231 and 1890?
21
Calculate the highest common 